s the remainder when 38684 is divided by 225?
209
What is the remainder when 12039 is divided by 246?
231
What is the remainder when 15356 is divided by 102?
56
Calculate the remainder when 4795 is divided by 106.
25
Calculate the remainder when 60406 is divided by 180.
106
What is the remainder when 36507 is divided by 2401?
492
What is the remainder when 259788 is divided by 206?
22
Calculate the remainder when 69837 is divided by 460.
377
What is the remainder when 44645 is divided by 65?
55
Calculate the remainder when 9184 is divided by 1439.
550
Calculate the remainder when 78973 is divided by 128.
125
What is the remainder when 10567 is divided by 98?
81
Calculate the remainder when 1807 is divided by 1798.
9
Calculate the remainder when 53757 is divided by 963.
792
What is the remainder when 2295 is divided by 22?
7
Calculate the remainder when 235909 is divided by 789.
787
What is the remainder when 253670 is divided by 7046?
14
Calculate the remainder when 401 is divided by 58.
53
Calculate the remainder when 120641 is divided by 541.
539
Calculate the remainder when 410754 is divided by 113.
112
Calculate the remainder when 2836 is divided by 58.
52
Calculate the remainder when 82398 is divided by 25.
23
Calculate the remainder when 15115 is divided by 13.
9
What is the remainder when 1978 is divided by 398?
386
Calculate the remainder when 78378 is divided by 40.
18
What is the remainder when 6295 is divided by 360?
175
Calculate the remainder when 2322753 is divided by 54.
51
Calculate the remainder when 14292 is divided by 7009.
274
Calculate the remainder when 17001 is divided by 5664.
9
Calculate the remainder when 125659 is divided by 438.
391
Calculate the remainder when 10308 is divided by 496.
388
Calculate the remainder when 1021250 is divided by 18.
2
Calculate the remainder when 29683 is divided by 874.
841
What is the remainder when 53243 is divided by 53230?
13
Calculate the remainder when 6453 is divided by 185.
163
Calculate the remainder when 9094 is divided by 6043.
3051
What is the remainder when 149 is divided by 55?
39
What is the remainder when 74601 is divided by 82?
63
Calculate the remainder when 40774 is divided by 13586.
16
What is the remainder when 1661849 is divided by 202?
197
What is the remainder when 759740 is divided by 163?
160
Calculate the remainder when 2113 is divided by 271.
216
What is the remainder when 1791 is divided by 13?
10
What is the remainder when 54181 is divided by 13489?
225
Calculate the remainder when 2565 is divided by 1221.
123
Calculate the remainder when 49314 is divided by 289.
184
What is the remainder when 17437 is divided by 2157?
181
Calculate the remainder when 14167 is divided by 2804.
147
Calculate the remainder when 230472 is divided by 215.
207
What is the remainder when 951492 is divided by 74?
0
Calculate the remainder when 956450 is divided by 72.
2
What is the remainder when 12134 is divided by 3025?
34
Calculate the remainder when 20958 is divided by 1187.
779
Calculate the remainder when 14149 is divided by 44.
25
Calculate the remainder when 19749 is divided by 82.
69
What is the remainder when 12759 is divided by 510?
9
Calculate the remainder when 176 is divided by 63.
50
What is the remainder when 143081 is divided by 2649?
35
Calculate the remainder when 1789 is divided by 801.
187
What is the remainder when 54504 is divided by 115?
109
Calculate the remainder when 14744 is divided by 14741.
3
What is the remainder when 94994 is divided by 68?
66
What is the remainder when 21967 is divided by 7256?
199
What is the remainder when 5714 is divided by 949?
20
What is the remainder when 219161 is divided by 109535?
91
What is the remainder when 896 is divided by 154?
126
Calculate the remainder when 6304 is divided by 105.
4
Calculate the remainder when 2134 is divided by 2015.
119
What is the remainder when 18882 is divided by 327?
243
Calculate the remainder when 381482 is divided by 127152.
26
Calculate the remainder when 22498 is divided by 50.
48
Calculate the remainder when 5773 is divided by 124.
69
Calculate the remainder when 5149 is divided by 271.
0
What is the remainder when 1321714 is divided by 12?
10
What is the remainder when 3415 is divided by 511?
349
What is the remainder when 29044 is divided by 581?
575
Calculate the remainder when 100774 is divided by 312.
310
Calculate the remainder when 836145 is divided by 84.
9
Calculate the remainder when 310026 is divided by 14.
10
What is the remainder when 875 is divided by 783?
92
What is the remainder when 322 is divided by 176?
146
Calculate the remainder when 9057 is divided by 4524.
9
What is the remainder when 101892 is divided by 376?
372
Calculate the remainder when 91620 is divided by 43.
30
Calculate the remainder when 23133 is divided by 32.
29
What is the remainder when 45859 is divided by 170?
129
What is the remainder when 58783 is divided by 115?
18
Calculate the remainder when 8539 is divided by 7960.
579
Calculate the remainder when 107272 is divided by 13.
9
Calculate the remainder when 2194 is divided by 239.
43
Calculate the remainder when 10145 is divided by 38.
37
What is the remainder when 61691 is divided by 4?
3
What is the remainder when 144691 is divided by 49?
43
What is the remainder when 6171 is divided by 14?
11
Calculate the remainder when 611 is divided by 39.
26
Calculate the remainder when 1907 is divided by 30.
17
What is the remainder when 227489 is divided by 161?
157
What is the remainder when 35960 is divided by 7181?
55
What is the remainder when 304929 is divided by 35?
9
What is the remainder when 17926 is divided by 7?
6
What is the remainder when 18347 is divided by 1983?
500
Calculate the remainder when 1707 is divided by 1707.
0
Calculate the remainder when 2584 is divided by 801.
181
Calculate the remainder when 15916 is divided by 1138.
1122
What is the remainder when 11277 is divided by 100?
77
Calculate the remainder when 20597 is divided by 4118.
7
What is the remainder when 147242 is divided by 49?
46
What is the remainder when 165747 is divided by 33149?
2
What is the remainder when 374250 is divided by 33?
30
What is the remainder when 3256 is divided by 405?
16
Calculate the remainder when 1042 is divided by 753.
289
What is the remainder when 1284 is divided by 120?
84
Calculate the remainder when 40188 is divided by 19971.
246
What is the remainder when 228546 is divided by 616?
10
Calculate the remainder when 4432 is divided by 2200.
32
Calculate the remainder when 5563 is divided by 80.
43
Calculate the remainder when 33246 is divided by 10.
6
Calculate the remainder when 28813 is divided by 6883.
1281
What is the remainder when 25498 is divided by 12?
10
What is the remainder when 7892 is divided by 606?
14
Calculate the remainder when 21283 is divided by 387.
385
What is the remainder when 855 is divided by 275?
30
Calculate the remainder when 1646292 is divided by 26.
24
What is the remainder when 18051 is divided by 6011?
18
What is the remainder when 18357 is divided by 68?
65
Calculate the remainder when 12542 is divided by 113.
112
Calculate the remainder when 25721 is divided by 139.
6
What is the remainder when 38979 is divided by 9?
0
Calculate the remainder when 90509 is divided by 339.
335
Calculate the remainder when 1958 is divided by 10.
8
What is the remainder when 6121 is divided by 125?
121
What is the remainder when 40377 is divided by 20186?
5
What is the remainder when 27268 is divided by 1185?
13
What is the remainder when 5781 is divided by 76?
5
What is the remainder when 889776 is divided by 19?
6
Calculate the remainder when 1685 is divided by 392.
117
What is the remainder when 39022 is divided by 19461?
100
Calculate the remainder when 46842 is divided by 30.
12
Calculate the remainder when 72521 is divided by 12084.
17
What is the remainder when 1650 is divided by 18?
12
Calculate the remainder when 7495 is divided by 1858.
63
Calculate the remainder when 1817 is divided by 304.
297
Calculate the remainder when 146573 is divided by 55.
53
What is the remainder when 143241 is divided by 5725?
116
What is the remainder when 2705 is divided by 2658?
47
What is the remainder when 280 is divided by 144?
136
